{"id":2088,"date":"2024-10-09T16:16:25","date_gmt":"2024-10-09T14:16:25","guid":{"rendered":"https:\/\/ereckers.de\/fussball\/?page_id=2088"},"modified":"2024-11-14T12:13:28","modified_gmt":"2024-11-14T11:13:28","slug":"d2","status":"publish","type":"page","link":"https:\/\/djk-arminia-eilendorf.de\/fussball\/d2\/","title":{"rendered":"D1-Jugend"},"content":{"rendered":"<table>\n<tbody>\n<tr>\n<td><\/td>\n<td>\n<h2>Trainerteam<\/h2>\n<\/td>\n<\/tr>\n<tr>\n<td rowspan=\"3\"><img loading=\"lazy\" decoding=\"async\" class=\"alignnone size-full wp-image-2021\" src=\"https:\/\/djk-arminia-eilendorf.de\/fussball\/wp-content\/uploads\/sites\/4\/2024\/10\/D2-2024.jpg\" alt=\"\" width=\"907\" height=\"681\" srcset=\"https:\/\/djk-arminia-eilendorf.de\/fussball\/wp-content\/uploads\/sites\/4\/2024\/10\/D2-2024.jpg 907w, https:\/\/djk-arminia-eilendorf.de\/fussball\/wp-content\/uploads\/sites\/4\/2024\/10\/D2-2024-300x225.jpg 300w, https:\/\/djk-arminia-eilendorf.de\/fussball\/wp-content\/uploads\/sites\/4\/2024\/10\/D2-2024-768x577.jpg 768w\" sizes=\"auto, (max-width: 907px) 100vw, 907px\" \/><\/td>\n<td><img loading=\"lazy\" decoding=\"async\" class=\"alignnone size-thumbnail wp-image-2019\" src=\"https:\/\/djk-arminia-eilendorf.de\/fussball\/wp-content\/uploads\/sites\/4\/2024\/10\/Roman-Tuerwaechter-150x150.jpg\" alt=\"\" width=\"150\" height=\"150\" \/><\/p>\n<p class=\"elementor-image-box-title\"><a href=\"mailto:Roman.tuerwaechter@gmx.de\">Roman T\u00fcrw\u00e4chter<\/a><\/p>\n<\/td>\n<\/tr>\n<tr>\n<td><img loading=\"lazy\" decoding=\"async\" class=\"alignnone size-thumbnail wp-image-1912\" src=\"https:\/\/djk-arminia-eilendorf.de\/fussball\/wp-content\/uploads\/sites\/4\/2024\/10\/Bild-folgt-150x150.jpg\" alt=\"\" width=\"150\" height=\"150\" \/><\/p>\n<p class=\"elementor-image-box-title\"><a href=\"mailto:j.donath@gmx.net\"><strong>J\u00fcrgen Donath<\/strong><\/a><\/p>\n<\/td>\n<\/tr>\n<tr>\n<td><\/td>\n<\/tr>\n<tr>\n<td colspan=\"2\">\n<h2>Trainingszeiten: dienstags 17:00h &#8211; 18:30h &amp; donnerstags 17:00h &#8211; 18:30h<\/h2>\n<\/td>\n<\/tr>\n<\/tbody>\n<\/table>\n","protected":false},"excerpt":{"rendered":"<p>Trainerteam Roman T\u00fcrw\u00e4chter J\u00fcrgen Donath Trainingszeiten: dienstags 17:00h &#8211; 18:30h &amp; donnerstags 17:00h &#8211; 18:30h<\/p>\n","protected":false},"author":1,"featured_media":0,"parent":0,"menu_order":0,"comment_status":"closed","ping_status":"closed","template":"","meta":{"footnotes":""},"class_list":["post-2088","page","type-page","status-publish","hentry"],"jetpack_sharing_enabled":true,"publishpress_future_action":{"enabled":false,"date":"2026-05-06 23:55:36","action":"change-status","newStatus":"draft","terms":[],"taxonomy":"","extraData":[]},"publishpress_future_workflow_manual_trigger":{"enabledWorkflows":[]},"_links":{"self":[{"href":"https:\/\/djk-arminia-eilendorf.de\/fussball\/wp-json\/wp\/v2\/pages\/2088","targetHints":{"allow":["GET"]}}],"collection":[{"href":"https:\/\/djk-arminia-eilendorf.de\/fussball\/wp-json\/wp\/v2\/pages"}],"about":[{"href":"https:\/\/djk-arminia-eilendorf.de\/fussball\/wp-json\/wp\/v2\/types\/page"}],"author":[{"embeddable":true,"href":"https:\/\/djk-arminia-eilendorf.de\/fussball\/wp-json\/wp\/v2\/users\/1"}],"replies":[{"embeddable":true,"href":"https:\/\/djk-arminia-eilendorf.de\/fussball\/wp-json\/wp\/v2\/comments?post=2088"}],"version-history":[{"count":6,"href":"https:\/\/djk-arminia-eilendorf.de\/fussball\/wp-json\/wp\/v2\/pages\/2088\/revisions"}],"predecessor-version":[{"id":2502,"href":"https:\/\/djk-arminia-eilendorf.de\/fussball\/wp-json\/wp\/v2\/pages\/2088\/revisions\/2502"}],"wp:attachment":[{"href":"https:\/\/djk-arminia-eilendorf.de\/fussball\/wp-json\/wp\/v2\/media?parent=2088"}],"curies":[{"name":"wp","href":"https:\/\/api.w.org\/{rel}","templated":true}]}}

<table>
<tbody>
<tr>
<td></td>
<td>
<h2>Trainerteam</h2>
</td>
</tr>
<tr>
<td rowspan="3"><img loading="lazy" decoding="async" class="alignnone size-full wp-image-2021" src="https://djk-arminia-eilendorf.de/fussball/wp-content/uploads/sites/4/2024/10/D2-2024.jpg" alt="" width="907" height="681" srcset="https://djk-arminia-eilendorf.de/fussball/wp-content/uploads/sites/4/2024/10/D2-2024.jpg 907w, https://djk-arminia-eilendorf.de/fussball/wp-content/uploads/sites/4/2024/10/D2-2024-300x225.jpg 300w, https://djk-arminia-eilendorf.de/fussball/wp-content/uploads/sites/4/2024/10/D2-2024-768x577.jpg 768w" sizes="auto, (max-width: 907px) 100vw, 907px" /></td>
<td><img loading="lazy" decoding="async" class="alignnone size-thumbnail wp-image-2019" src="https://djk-arminia-eilendorf.de/fussball/wp-content/uploads/sites/4/2024/10/Roman-Tuerwaechter-150x150.jpg" alt="" width="150" height="150" /></p>
<p class="elementor-image-box-title"><a href="mailto:Roman.tuerwaechter@gmx.de">Roman Türwächter</a></p>
</td>
</tr>
<tr>
<td><img loading="lazy" decoding="async" class="alignnone size-thumbnail wp-image-1912" src="https://djk-arminia-eilendorf.de/fussball/wp-content/uploads/sites/4/2024/10/Bild-folgt-150x150.jpg" alt="" width="150" height="150" /></p>
<p class="elementor-image-box-title"><a href="mailto:j.donath@gmx.net"><strong>Jürgen Donath</strong></a></p>
</td>
</tr>
<tr>
<td></td>
</tr>
<tr>
<td colspan="2">
<h2>Trainingszeiten: dienstags 17:00h &#8211; 18:30h &amp; donnerstags 17:00h &#8211; 18:30h</h2>
</td>
</tr>
</tbody>
</table>

<p>Trainerteam Roman Türwächter Jürgen Donath Trainingszeiten: dienstags 17:00h &#8211; 18:30h &amp; donnerstags 17:00h &#8211; 18:30h</p>
