{"id":1523,"date":"2023-12-14T19:44:16","date_gmt":"2023-12-14T18:44:16","guid":{"rendered":"https:\/\/ereckers.de\/schach\/?page_id=1523"},"modified":"2025-12-01T16:03:32","modified_gmt":"2025-12-01T15:03:32","slug":"wir-stellen-uns-vor","status":"publish","type":"page","link":"https:\/\/djk-arminia-eilendorf.de\/schach\/","title":{"rendered":"Wir stellen uns vor"},"content":{"rendered":"\r\n<p>Wir nehmen in der kommenden Saison 2025\/26 am Spielbetrieb im <a href=\"http:\/\/www.asvb.de\/\" target=\"_blank\" rel=\"noreferrer noopener\">Aachener Schachverband<\/a> (ASVb) und Schachverband Mittelrhein (SVM) erstmals wieder mit 3 Seniorenmannschaften teil. Nach dem die Erste in der<a href=\"https:\/\/ergebnisportal.sv-mittelrhein.de\/index.php\/component\/clm\/?view=rangliste&amp;saison=5&amp;liga=93&amp;Itemid=101\"> SMV-Verbandsliga West<\/a> und die Zweite \u00a0in der <a href=\"https:\/\/ergebnisportal.sv-mittelrhein.de\/index.php\/component\/clm\/?view=rangliste&amp;saison=5&amp;liga=104&amp;Itemid=101&amp;typeid=21\" target=\"_blank\" rel=\"noreferrer noopener\">Bezirksklasse <\/a>die Klasse halten konnten, wollen wir es wagen, mit einer 3. Seniorenmannschaft in der <a href=\"https:\/\/ergebnisportal.sv-mittelrhein.de\/index.php\/component\/clm\/?view=rangliste&amp;saison=5&amp;liga=106&amp;Itemid=101&amp;typeid=21\">Kreisklasse A<\/a> als 4er Mannschaft zu spielen.<\/p>\r\n<p>Die Jugend besteht z.Z. aus ca. 20 Kindern im Alter von 5-20 Jahren. Diese werden von den \u201ealten Hasen\u201c mit gro\u00dfen Engagement an das Schachspiel herangef\u00fchrt. Sie erg\u00e4nzen teilweise schon\u00a0 unsere Seniorenmannschaften und haben auch an NRW- und Deutschen-Jugendmeisterschaften teilgenommen. Mittlerweile sind sie eine wesentliche St\u00fctze unserer Seniorenmannschaften geworden und haben ma\u00dfgeblich zu einem unserer gr\u00f6\u00dften Erfolge, dem Aufstieg der 1. Mannschaft in die Regionalliga, beigetragen, die wir auch 2 Jahre halten konnten.<\/p>\r\n\r\n\r\n\r\n<p>Ende Oktober nach den Herbstferien ist wieder der Beginn eines Anf\u00e4ngerschachkurses auch f\u00fcr Nichtvereinsmitglieder geplant. Den genauen Termin kann man in der Termin\u00fcbersicht und auf der Seite der Jugend erfahren.\u00a0\u00a0<\/p>\r\n\r\n\r\n\r\n<div class=\"wp-block-columns is-layout-flex wp-container-core-columns-is-layout-9d6595d7 wp-block-columns-is-layout-flex\">\r\n<div class=\"wp-block-column is-layout-flow wp-block-column-is-layout-flow\">\r\n<figure class=\"wp-block-image size-large\"><img loading=\"lazy\" decoding=\"async\" width=\"768\" height=\"1024\" class=\"wp-image-22\" src=\"https:\/\/djk-arminia-eilendorf.de\/schach\/wp-content\/uploads\/sites\/2\/2000\/01\/Buergerfest_Aussenschach-768x1024.jpg\" alt=\"\" srcset=\"https:\/\/djk-arminia-eilendorf.de\/schach\/wp-content\/uploads\/sites\/2\/2000\/01\/Buergerfest_Aussenschach-768x1024.jpg 768w, https:\/\/djk-arminia-eilendorf.de\/schach\/wp-content\/uploads\/sites\/2\/2000\/01\/Buergerfest_Aussenschach-225x300.jpg 225w, https:\/\/djk-arminia-eilendorf.de\/schach\/wp-content\/uploads\/sites\/2\/2000\/01\/Buergerfest_Aussenschach.jpg 960w\" sizes=\"auto, (max-width: 768px) 100vw, 768px\" \/><\/figure>\r\n<\/div>\r\n\r\n\r\n\r\n<div class=\"wp-block-column is-layout-flow wp-block-column-is-layout-flow\">\r\n<figure class=\"wp-block-image size-large\"><img loading=\"lazy\" decoding=\"async\" width=\"1024\" height=\"768\" class=\"wp-image-511\" src=\"https:\/\/djk-arminia-eilendorf.de\/schach\/wp-content\/uploads\/sites\/2\/2014\/06\/DSCN0491-1024x768.jpg\" alt=\"\" srcset=\"https:\/\/djk-arminia-eilendorf.de\/schach\/wp-content\/uploads\/sites\/2\/2014\/06\/DSCN0491-1024x768.jpg 1024w, https:\/\/djk-arminia-eilendorf.de\/schach\/wp-content\/uploads\/sites\/2\/2014\/06\/DSCN0491-300x225.jpg 300w, https:\/\/djk-arminia-eilendorf.de\/schach\/wp-content\/uploads\/sites\/2\/2014\/06\/DSCN0491-768x576.jpg 768w, https:\/\/djk-arminia-eilendorf.de\/schach\/wp-content\/uploads\/sites\/2\/2014\/06\/DSCN0491.jpg 1300w\" sizes=\"auto, (max-width: 1024px) 100vw, 1024px\" \/>\r\n<figcaption class=\"wp-element-caption\">Das erfolgreiche Team der Arminia<\/figcaption>\r\n<\/figure>\r\n<\/div>\r\n\r\n\r\n\r\n<div class=\"wp-block-column is-layout-flow wp-block-column-is-layout-flow\">\r\n<figure class=\"wp-block-image size-full\"><img loading=\"lazy\" decoding=\"async\" width=\"1024\" height=\"576\" class=\"wp-image-23\" src=\"https:\/\/djk-arminia-eilendorf.de\/schach\/wp-content\/uploads\/sites\/2\/2000\/01\/Weihnachtsturnier.jpg\" alt=\"\" srcset=\"https:\/\/djk-arminia-eilendorf.de\/schach\/wp-content\/uploads\/sites\/2\/2000\/01\/Weihnachtsturnier.jpg 1024w, https:\/\/djk-arminia-eilendorf.de\/schach\/wp-content\/uploads\/sites\/2\/2000\/01\/Weihnachtsturnier-300x169.jpg 300w, https:\/\/djk-arminia-eilendorf.de\/schach\/wp-content\/uploads\/sites\/2\/2000\/01\/Weihnachtsturnier-768x432.jpg 768w\" sizes=\"auto, (max-width: 1024px) 100vw, 1024px\" \/><\/figure>\r\n<\/div>\r\n<\/div>\r\n\r\n\r\n\r\n<p>Bei uns sind also sowohl leistungsm\u00e4\u00dfig hochklassige als auch \u201eschw\u00e4chere Spieler\u201c vertreten. F\u00fcr jeden findet sich also der richtige Spielpartner, denn wir bekennen uns zum Breitensport, will hei\u00dfen frei nach dem DJK Motto, Sport um der Menschen willen !<\/p>\r\n\r\n\r\n\r\n<p>Historisches zur Schachabteilung kann man auszugsweise der\u00a0<a href=\"https:\/\/djk-arminia-eilendorf.de\/schach\/wp-content\/uploads\/sites\/2\/2000\/01\/Geschichte-der-Schachabteilung.pdf\">Vereinschronik<\/a>\u00a0entnehmen. Interessenten k\u00f6nnen sich wenden an\u00a0<a href=\"mailto:Schach@DJK-Arminia-Eilendorf.de\">Schach@DJK-Arminia-Eilendorf.de<\/a>\u00a0.<\/p>\r\n\r\n\r\n\r\n<p>Die Schachabteilung ist auch bei\u00a0<a href=\"https:\/\/de-de.facebook.com\/people\/DJK-Arminia-Eilendorf-1919-e-V-Schachabteilung\/100063305494726\/\">Facebook<\/a>\u00a0zu hause.<\/p>\r\n","protected":false},"excerpt":{"rendered":"<p>Wir nehmen in der kommenden Saison 2025\/26 am Spielbetrieb im Aachener Schachverband (ASVb) und Schachverband Mittelrhein (SVM) erstmals wieder mit 3 Seniorenmannschaften teil. Nach dem die Erste in der SMV-Verbandsliga West und die Zweite \u00a0in der Bezirksklasse die Klasse halten konnten, wollen wir es wagen, mit einer 3. Seniorenmannschaft in der Kreisklasse A als 4er [&hellip;]<\/p>\n","protected":false},"author":1,"featured_media":0,"parent":0,"menu_order":0,"comment_status":"closed","ping_status":"closed","template":"","meta":{"footnotes":""},"class_list":["post-1523","page","type-page","status-publish","hentry"],"jetpack_sharing_enabled":true,"publishpress_future_action":{"enabled":false,"date":"2026-04-23 04:31:09","action":"change-status","newStatus":"draft","terms":[],"taxonomy":"","extraData":[]},"publishpress_future_workflow_manual_trigger":{"enabledWorkflows":[]},"_links":{"self":[{"href":"https:\/\/djk-arminia-eilendorf.de\/schach\/wp-json\/wp\/v2\/pages\/1523","targetHints":{"allow":["GET"]}}],"collection":[{"href":"https:\/\/djk-arminia-eilendorf.de\/schach\/wp-json\/wp\/v2\/pages"}],"about":[{"href":"https:\/\/djk-arminia-eilendorf.de\/schach\/wp-json\/wp\/v2\/types\/page"}],"author":[{"embeddable":true,"href":"https:\/\/djk-arminia-eilendorf.de\/schach\/wp-json\/wp\/v2\/users\/1"}],"replies":[{"embeddable":true,"href":"https:\/\/djk-arminia-eilendorf.de\/schach\/wp-json\/wp\/v2\/comments?post=1523"}],"version-history":[{"count":17,"href":"https:\/\/djk-arminia-eilendorf.de\/schach\/wp-json\/wp\/v2\/pages\/1523\/revisions"}],"predecessor-version":[{"id":3093,"href":"https:\/\/djk-arminia-eilendorf.de\/schach\/wp-json\/wp\/v2\/pages\/1523\/revisions\/3093"}],"wp:attachment":[{"href":"https:\/\/djk-arminia-eilendorf.de\/schach\/wp-json\/wp\/v2\/media?parent=1523"}],"curies":[{"name":"wp","href":"https:\/\/api.w.org\/{rel}","templated":true}]}}